29) + 26 + -76 + 49.
-24
What is (-214 - -220) + (-1 - (82 + (5 - (0 + 1))))?
-81
What is the value of (-62 - (-5 - 53) - (-17 + -2)) + 43?
58
Calculate 18 + 10 - 81 - (2 + 8).
-63
64 + (2 - (13 + (-6 - -2) - (5 + -6)))
56
Calculate (37 - 57) + 9 + ((-64 - 1) + 3 - -4).
-69
Calculate -36 - -42 - (-5 - -15) - (-3 + -5 + -113).
117
What is 64 + 56 + (-54 - 21) + -2 + (13 - -2)?
58
What is the value of 10 + (3 - 6 - (-5 + -7))?
19
6 - (19 + -39 - -48)
-22
What is the value of (23 - 21) + 47 - 92?
-43
77 + -22 - 29 - 21 - (3 - (-3 + -53))
-54
What is (-12680 - -12699) + -1 + 0 + -1?
17
What is the value of -1 + 5 - -6 - (1 - -21)?
-12
Evaluate (-34 - -11) + -22 + 102 + 76.
133
What is 1 - 27 - (-4 - 0 - (-1155 + 1155))?
-22
Evaluate (0 + (0 - 5) - 43) + (-78 - -84) - 3.
-45
-1 - 3 - (50 - (-12 + 84)) - 3
15
What is the value of (10 - 41 - -23) + (1 - 1) + 0 + -28?
-36
What is the value of -5282 - -5277 - (4 - 1 - (6 - 1))?
-3
(4 + 17 + 0 + -16 - 48) + -11
-54
What is 46 + -45 + (-1 - (1 + -3 + 0 + 6))?
-4
12341 - 12361 - (1 - 3 - -68)
-86
Evaluate -3 - (1 + -72 + 3 + -3 + 1).
67
What is the value of 22 - (29 + -34 + 7 + 36)?
-16
-11 + 17 + -34 - (-22 + -3)
-3
What is -75 - (-8 - (58 - 2))?
-11
-10 + (9 + 1 - -12 - 17)
-5
Calculate (-94 - -24) + 62 + -9.
-17
20 + (-11 - -9 - 26 - -49) + -1 + -9
31
Evaluate 10 + (9 - (25 + -5) - 6) - (1 + -75).
67
What is the value of -43 - (-5 - (-12 + 22) - -11)?
-39
What is -20 + 4 + (7 - (19 - 62))?
34
(-60 - (-1 - 1 - 0)) + (-6 - -16)
-48
What is (-13 - (0 - -1)) + (-103 - (-125 + 28))?
-20
What is -63 + (29 - 20 - 5) + (-3 - -4 - 5)?
-63
Evaluate -23 - (-5 - -9 - (136 + -14 - -4)).
99
What is 1 + (1 - -2) - 14 - (-1003 + 1004)?
-11
(4 - -27) + 224 + -263
-8
Evaluate 49 - (19 - (17 + -32)).
15
1 + 10 - (7 - -2 - (-281 + 261))
-18
What is the value of (-27 - 20 - -21) + 18 - 89?
-97
What is (-30 - 6) + 12 + 4 - (0 - 6)?
-14
Evaluate 63 + 1 + 10 + (68 - 30 - 37).
75
(-2 - 5) + ((21 - 13) + 0 - (7 + 1))
-7
What is the value of (-127 - -46) + 1 + 67?
-13
Evaluate 7 + 11 + -24 + 6 + 3 + -54.
-51
What is the value of 23 - (12 + (-43 - -18)) - 16?
20
Calculate -407 + 441 - (12 + 0) - (9 - (-2 + -1)).
10
Calculate -85 - (27 + (-34 - 40)).
-38
77 + (-40 - -64 - 92)
9
-20 + 64 + -5 - (-17 + 46)
10
Evaluate (-56 - (-43 + -1 + 23)) + 12 + -1.
-24
Evaluate -2 + 14 + (-33 + (28 - 21) - (-3 + -7)).
-4
What is the value of (8 - (0 + 4) - (-187 - -215)) + 10?
-14
What is the value of -31 - -2 - (-1 + -2) - (347 - 357)?
-16
Evaluate 3 - (17 - 3) - (-3 + 25 + -4 - 13).
-16
(-119 + 19 - -184) + -64
20
(1 - -40) + -136 + 131 - 19
17
Calculate 47 + (20 - (-10 - -42)) - 10.
25
Evaluate 304 + (-98 - -54) - 145.
115
(0 - ((-8 - (-39 + -13)) + 12) - -8) + 13
-35
Calculate (5 - 0 - 2) + 74 + -129 + -18.
-70
What is the value of 13 - (647 - 639 - (31 + 2 + -2))?
36
What is the value of (0 - 37) + -1 + 7 + 4 + -23 + 13?
-37
Evaluate 5 + (-5 - 48) - (-105 + 15 + 66).
-24
Calculate 52 + 5 + -293 + 243.
7
What is the value of (-74 + 28 - -43) + 1 + -24?
-26
What is 19 + -58 - -87 - (-15 + -2)?
65
4 + -18 - (0 - (13 - 7)) - (-1 - 10)
3
What is the value of (-1 - 5) + (16 - (26 - 51)) - -9?
44
-78 - 0 - (-1301 + 1184)
39
(16 - (18 + 3 + (-22 - -3))) + 114
128
Evaluate -13 + (10 - 2) - (2 - (49 + -1 + -2)).
39
-58 - (-32 + 11) - -19
-18
Calculate 78 + (-98 - -42) + 18.
40
3 + -9 + (14 - (0 + -8))
16
-66 - -100 - (-4 + -28)
66
What is -157 - 1 - (-81 - -14)?
-91
Calculate -437 + 435 + -12 + (7 - 2) + -3.
-12
Evaluate -12 - (-9 + 52 + -28) - 12.
-39
Calculate -131 - ((-142 - -109) + 9).
-107
What is the value of (-75 - (-13 + 9) - -12) + 6 + 8?
-45
Calculate (-11 - -20) + (3 - 6) + -17.
-11
What is (-21 - (15 + -19)) + 14 + 16?
13
0 + -71 - 81 - -72
-80
Evaluate (-32 + 13 - -128) + -106 + 76.
79
What is the value of 25 + 5 + 96 + -44 + -27?
55
What is 15 + -16 + 41 - 3?
37
What is 70 + 5 + -72 + 36?
39
What is -78 + 64 - (-4 + 0 - (-10 - -9 - 8))?
-19
What is (-11 - (2 - 15)) + 24 - 77?
-51
What is the value of 27 + -22 + (20 - 77)?
-52
What is the value of -29 + (-38 + -16 - -207)?
124
Calculate 64 + 1 + -50 + -105 + -4.
-94
What is (4 - (4 + -35 - -3)) + (-312 - -305)?
25
What is (3 - 6 - -7 - -7) + -93 + 91 - 4?
5
What is the value of (0 - 55) + -2 + 70?
13
What is the value of -5 + -12 + 23 + 37 + 8 + -18 + 1?
34
Evaluate (-2 - -96) + -2 + (8 - (9 - (4 - 4))).
91
Calculate -1 + 3 + 0 + (-15 - 4) + (-6 - -7).
-16
Calculate -130 + 0 + (8274 - 8072).
72
8 + (-15 - (-29 - -20) - 5 - 5)
-8
What is (17 - -91) + -121 - (-2 + 54 + -1 + 0)?
-64
What is 3 + 25 + -45 + 28 - (-72 + 1 + 3)?
79
Calculate (-74 + 57 - (-19 + 5)) + 20 + -11.
6
-48 - (3 + (0 - (-12 + -11 + 16))) - -7
-51
Evaluate (-13 - (-1 + -1)) + (1 - 44 - (77 - 79)).
-52
(13 - 23 - (-69 + -25)) + 4
88
Calculate -1 + 1 + -66 + (-8300 - -8310).
-56
Calculate (-1348 - -1357) + -1 + 9.
17
Evaluate 47 + (-41 - -15) - (74 - 1).
-52
What is the value of -366 + 416 - (72 + 1)?
-23
What is the value of 12 - (1 + -3) - (-149 + -327 + 428)?
62
What is -9 + 4 + -4 - (-50 + 19)?
22
What is -1 + (-14 - -5 - (2 - (11 + -3 + -9)))?
-13
What is the value of (2 - -36 - 107) + (2 - 5) + 2 + 2?
-68
Calculate (8 - 4 - -3) + (3 - (14 + -16)).
12
What is the value of -26 + 2 + -86 + 134?
24
What is (18 + -13 - (-2 - (2 + 2))) + 21 + -34?
-2
Calculate -458 + 383 + (-33 - -19).
-89
What is the value of 117 + -81 + -21 + -20?
-5
What is the value of 27 - ((-14 - 58) + 57)?
42
-19 + -19 + 9 + -13 + 28
-14
Evaluate 83 + -26 - (-109 - -87).
79
What is the value of (5 - 16) + 10 + -15 + -54 + -6?
-76
Evaluate 66 + (-106 + 8 - -2).
-30
What is the value of (-194 - -194) + -2 + -13 + 22 - 76?
-69
Calculate 128 - (155 - -27) - 45.
-99
What is the value of 0 - -8 - (0 + 3 - ((-30 - -15) + -6))?
-16
Calculate -1 + 94 + -141 + (351 - 224).
79
Calculate -21 - (-15 + (14 + -5 - 6) - -3).
-12
Evaluate (-43 - -4) + 108 + -137 + 25.
-43
-40 - ((-62 - -37) + 6 + -2)
-19
Evaluate (-7 - -5) + (93 - 141 - (6 - 0)).
-56
What is the value of (-10 + 14 + -10 - (-30 + 18)) + (1 - -70)?
77
3 - (-111 + 92 + 42)
-20
What is the value of 22 + (-4 + 8 + -5 - (155 + -138))?
4
What is (-146 - (-319 + 141)) + (0 - -23)?
55
Evaluate 5 - (-5 - (6 - -3 - 28)) - (69 + 1).
-79
Calculate 28 - -1 - ((22 - 12) + -2 + -12).
33
Calculate -36 - (-51 + 43 - 17).
-11
Calculate 2 + -22 + -3 + 104 + -45.
36
Calculate 26 + -2 + -8 + 47 + (-2 - (3 + 0)).
58
272 + -201 + (7 - 141)
-63
Evaluate 78 - (41 - -37) - (60 - -1).
-61
Evaluate -1067 + 1044 - (1 - 34) - -13.
23
What is 1 + -13 + -65 + 50 + -89 + 0 + 22?
-94
-37 - (49 - (102 + -22))
-6
What is the value of -67 - (26 + -12 - -12 - 54)?
-39
What is 0 + 5 + -103 + (-672 - -686)?
-84
Calculate 0 - 0 - ((25 - (-6 - 6)) + 5).
-42
Evaluate 135 - 53 - (78 + -136).
140
What is -17 - ((-17 - (-12 - 3)) + -12)?
-3
What is -5 - (-26 + 68 + -46)?
-1
What is -522 + 433 - (-70 + -1)?
-18
(17 + 2 + (-15 - -5) - 38) + -14
-43
Calculate 78 - 97 - (-29 + 0).
10
Evaluate -39 + -16 - -7 - (15 + 27).
-90
Calculate 2 - (-7 - (-18 - -12 - (5 + -1))) - -38.
37
Evaluate -67 + -75 + 164 - 82.
-60
Evaluate -2278 + 2272 - (19 + 0).
-25
Calculate (1 - -8) + (6 - (-3 - 7 - 42 - 21)).
88
Evaluate 10 + -2 - (-525 + 544).
-11
Evaluate (-17 - (3 - 6)) + 1 - (-309 + 254).
42
Calculate 34 - (9 + (47 - 8)).
-14
What is the value of (7 - (7 - -6)) + 90 - (-14 + -12 + 18)?
92
Calculate 106 + -83 - (-20 + 53).
-10
Evaluate -5 + -1 + 190 + 12 + -238.
-42
-1 + 16 - (769 + -827)
73
What is the value of 37 - 105 - -57 - -75?
64
What is the value of -4 + -104 + 111 - (12 - -1 - 1)?
-9
Evaluate -61 - (24 + -65 + 14).
-34
Calculate 1228 - 1239 - (1 + 13).
-25
Evaluate 30 + 52 + (5 - 45).
42
What is 8 + -4 + (-35 - -15 - -27) - 39?
-28
Evaluate -109 + -25 + -13 + (-15 - -9 - (-1 + -13)).
-139
What is 4 - (-3 - (1 + -1)) - (-154 - -129)?
32
What is the value of ((6 - 1) + (-21 - -28) - 10 - 1) + 81?
82
Calculate -9 + 1 + (0 - 15 - 1) - -3.
-21
Evaluate (35 + -64 - -10) + -12.
-31
2 - (73 - -8 - 47)
-32
What is the value of (-2 - 12 - (0 - 9) - 2) + -17?
-24
What is -11 + (33 - 48) - 3?
-29
-11 + -9 + 10 + -5 - -6
-9
-28 - -13 - (33 - (9 - 2))
-41
What is the value of -4 + -12 - ((-3 - 64) + 22)?
29
Calculate -128 - (75 - 214) - (67 + 1).
-57
Evaluate (